ighest common divisor of 1537 and l?
29
Let p be (2 - (-2 - -2)) + (358 - -11). Let m = p + -341. Calculate the highest common divisor of m and 165.
15
Suppose 4*l + l - 4*i = 135, 2*l - i = 51. Let c be (-5 + 155/30)*(128 - -10). Calculate the highest common divisor of l and c.
23
Let t = -146 + 148. Suppose t*f = 199 + 53. Calculate the highest common divisor of f and 70.
14
Let n = 1646 - 1604. What is the highest common divisor of n and 2289?
21
Let g(x) be the first derivative of -x**4/4 + x**3 + 3*x**2/2 + 147*x - 136. Let h be g(0). What is the greatest common divisor of h and 7?
7
Suppose -5*c + 2*a + 664 = 0, -5*a + 386 + 299 = 5*c. Suppose 3*p - 2*p - 66 = 4*o, -3*p - 4*o = -c. Calculate the greatest common divisor of 10 and p.
10
Suppose -4*w + 6755 = -3*v, 3*w - 3*v + 8464 = 8*w. What is the greatest common divisor of w and 38?
19
Let i be (-2)/2 + 658 + 18. Calculate the greatest common divisor of 1950 and i.
75
Suppose 11 + 1 = 3*p, -4*w + 5*p = -316. Suppose -162 = -4*s + 3*t, -7*s - t + 34 = -262. What is the greatest common factor of w and s?
42
Suppose 56 + 534 = 5*h. Suppose -12*c + h + 266 = 0. Let t be 13 - (c/(-4))/(-2). Calculate the greatest common factor of t and 117.
9
Suppose -8 - 4 = -2*s - 2*w, -2*w = -2*s + 16. Suppose -3*i + s + 2 = 0. Suppose -i*g = -5*g + 6. Calculate the greatest common factor of 24 and g.
3
Let z = -3 + 5. Let x(o) = -o**3 - 25*o**2 - o - 3. Let j = -155 - -130. Let c be x(j). What is the greatest common divisor of z and c?
2
Let u(g) = 16*g**2 - 6. Let h be u(-2). Suppose -h*i = -53*i - 40. Let k be (-507)/(-6) - 4/i. Calculate the highest common divisor of 12 and k.
12
Suppose -5*u = -3*k - 12, -9 = -2*u - 2*k - 1. Suppose u*a + 649 = 661. What is the greatest common divisor of a and 72?
4
Let b(x) = x**3 + 12*x**2 + 22*x + 22. Let v be b(-10). Let i be v + -1 - 4/(12/(-255)). Let t = i + -69. Calculate the greatest common factor of 51 and t.
17
Suppose 12*m = 6*m. Suppose -h + 3*w + 181 = m, 5*w + 522 = 5*h - 393. What is the greatest common factor of 8 and h?
8
Let i = -141 + 115. Let t be (-828)/i - (12 + 316/(-26)). Calculate the greatest common factor of 40 and t.
8
Let r(f) = -4*f**2 + 9*f + 115. Let g be r(-8). Let u = g - -225. Calculate the highest common factor of 852 and u.
12
Let k(u) = -69*u**2 - 2*u + 7. Let m be k(3). Let d = m + 950. What is the highest common divisor of d and 30?
30
Let w(f) = 6*f - 17. Let h = 221 + -209. Let i be w(h). Calculate the greatest common factor of i and 5.
5
Suppose -6*d = 11*d + 18*d - 455. Calculate the greatest common factor of 26 and d.
13
Suppose 5*q - 9*q = -32. Suppose -3*w = q*w + 44. Let u(v) = 15*v**2 + 8*v + 8. Let m be u(w). Calculate the highest common divisor of 27 and m.
27
Let t be 1/(-1)*(-5993)/(117/9). Suppose -z + t = -4*j, j - 1761 - 168 = -4*z. Calculate the greatest common divisor of 13 and z.
13
Let g = -8 - -21. Suppose -l = -g - 95. Let k be 5/((-15)/(-6))*6. Calculate the greatest common divisor of k and l.
12
Suppose 2*c = -c + 423. Suppose 70*f = -8203 + 15296 + 15937. What is the greatest common divisor of f and c?
47
Let d = 1215 + -569. Let g = -432448 - -432486. Calculate the highest common divisor of g and d.
38
Let i be (-132)/(-26) + 39/(-507). Let a = -37 + 53. Suppose z - 84 + a = 4*h, -25 = i*h. Calculate the highest common divisor of z and 6.
6
Suppose -983 = -2*j + m, 2*m - 7*m + 2495 = 5*j. What is the highest common factor of j and 130?
26
Let l be 4/(-10) + 67/5. Let u = 4 + 4. Let z be u + (-56)/4 - -32. What is the highest common divisor of l and z?
13
Let p = -15852 - -15864. Suppose -j - j = -744. Calculate the highest common factor of j and p.
12
Let s be ((-8)/10)/((-2)/65). Suppose -48 = 7*t + 5*t. Let m be t/20 + (-1953)/(-15). What is the highest common factor of s and m?
26
Let i = 54 + -53. Let n be 33*i + 1 + 2. Suppose -n = -2*b + 36. Calculate the highest common factor of b and 24.
12
Let k(t) = -20*t - 15*t + 40*t + 12 - t**2 - 19*t. Let f be k(-6). Calculate the greatest common divisor of f and 48.
12
Let z be (-82203)/(-954) + 1/(-6). Calculate the greatest common factor of 2494 and z.
86
Suppose 212*y + 290 = 217*y - 5*v, 4*v + 472 = 9*y. Suppose -f - 6 = -s + f, 0 = -3*s - 3*f + 45. Calculate the highest common divisor of y and s.
12
Let k(j) be the second derivative of j**5/20 - j**4/6 + j**3 - 11*j**2/2 + 24*j. Let q be k(4). Calculate the greatest common divisor of 63 and q.
9
Let n = -128 - -124. Let f be (-6)/(-2) + n/(-4) - -39. Calculate the greatest common divisor of f and 86.
43
Let d(w) = -8*w + 9. Let n be d(-12). Let s(g) = -8*g**2 + 80*g + 35. Let t be s(10). What is the greatest common divisor of n and t?
35
Suppose 5*s = -4*n - 9, 3*n - 4*s = -5*s + 7. Let x be (-12)/(-15) - ((-4968)/10)/n. Calculate the highest common divisor of 25 and x.
25
Suppose 2*b + 326 = -5*i, i + b + 70 = 3. Let s = i + 78. Let p = 19 + s. What is the greatest common factor of 3 and p?
3
Let h(k) = k**2 + 9*k + 27. Let f = 49 + -49. Suppose f = 4*q - 14 + 58. Let g be h(q). What is the greatest common divisor of 7 and g?
7
Suppose -2*m + 6*m = 2288. Suppose 0*s = 22*s - m. Suppose -2*i = 5*w - 130, w - 35 + 295 = 4*i. Calculate the highest common factor of i and s.
13
Let j be 5396/18 + (-110)/(-495). Suppose 7*f - 316 - j = 0. What is the highest common factor of 66 and f?
22
Let x = 6179 - 6172. Calculate the highest common factor of x and 2.
1
Let j be (8 + 2/4)*26. Let v be (-3)/((-88)/85 - -1). Calculate the highest common divisor of j and v.
17
Let y be ((-5)/2)/(2/(-8)). Let j be 29/(-5) + 46/(-230). Let z(s) = s**2 + 15*s + 79. Let u be z(j). Calculate the greatest common divisor of y and u.
5
Suppose -5*k + 12*n - 10*n = -1045, 9*k = 3*n + 1878. Calculate the greatest common divisor of k and 1521.
9
Suppose 17756 = 10803*p - 10799*p. Calculate the greatest common factor of 23 and p.
23
Suppose -112*y = -26*y - 7547 + 2903. Suppose 0*l + 405 = 3*l. What is the greatest common divisor of y and l?
27
Let b = 1539 - 871. Let y = 748 - b. What is the highest common divisor of y and 48?
16
Let j be 4532/8 - (54/16 + -3)*4. Calculate the highest common factor of 904 and j.
113
Let t = -869 + 1376. Calculate the greatest common divisor of 39 and t.
39
Let h(c) = -c**3 + 46*c**2 + 259*c - 3. Let m be h(51). What is the highest common factor of m and 1?
1
Let t be (-2 + -1)/((-9)/54). Let a be t/(-10)*65/(-39). What is the greatest common divisor of a and 3?
3
Let z(v) = -8*v - 58. Let y be z(-9). Suppose -22*l + 16 = -y*l. Let u be ((-39)/l)/((-11)/110). What is the highest common factor of 78 and u?
39
Let v(t) = -3*t**2 + 42*t - 129. Let d be v(5). Calculate the greatest common factor of 3600 and d.
6
Let w = -4870 + 4973. What is the greatest common divisor of w and 1442?
103
Let y be 17 + ((-15)/(-9) + -2)*-18. Calculate the highest common factor of y and 253.
23
Suppose -2*o + 25 = -311. Suppose 4*g + 31*v - 27*v - 376 = 0, 4*v - 184 = -2*g. Calculate the highest common factor of o and g.
24
Suppose -4*k - 36*b = -41*b - 423, -4*k + 402 = 2*b. Let l be (1 + 7)*(-9)/(-36). Calculate the highest common divisor of k and l.
2
Let p(y) = -588*y - 7016. Let n be p(-12). What is the highest common factor of n and 4460?
20
Let k be (-20)/60 - 295/(-3). Suppose 0 = 5*y - 0*y + 20, -5*b = -2*y - k. Calculate the greatest common divisor of b and 63.
9
Let b(u) = 923*u**3 + 1876*u**2 + 5*u + 2. Let p be b(-2). What is the greatest common divisor of p and 34776?
56
Let q be (-3)/2*(-24)/9. Suppose 4*j - 36 = 4*o, -1 = -4*j - q*o + 3. Suppose 75 = j*n + 15. Calculate the greatest common divisor of 72 and n.
12
Let x(d) = -2*d**3 - 5*d - 4. Let q = -18 - -15. Let z be x(q). Let m = -240 + 266. Calculate the greatest common divisor of m and z.
13
Let q(g) = 4*g + 38. Let v be q(-7). Suppose 315 = v*f - 15. What is the greatest common divisor of 231 and f?
33
Let x(a) = 10*a**2 + 17*a + 32. Let t(l) = -l**2 - 26*l - 50. Let z be t(-24). Let w be x(z). Calculate the greatest common divisor of 38 and w.
38
Suppose 10*s + 28672 = 5*s + 13*s. What is the greatest common factor of 56 and s?
56
Let w(f) = 2*f**2 - 4*f - 2. Let q be w(4). Let k = 21 + 6. Let z = k - 13. Calculate the greatest common factor